5*y. Determine s(-4).
-17
Suppose 7 - 1 = 3*a. Let o(u) = -1 - u - 2 + a. Suppose 3*j - 5*s + s = 10, -3*j - 4*s = 22. Give o(j).
1
Let h(o) = o - 7. Let v be h(6). Let a be -1 - (0 + v)/(-1). Let m(g) = g**3 - 2. Let j(n) = -2*n**3 + 3. Let l(s) = -3*j(s) - 5*m(s). Determine l(a).
-7
Let p(f) be the first derivative of -f**2/2 + 9. Let m(y) = y**3 + 3*y**2 + 4. Let b be m(-3). What is p(b)?
-4
Let v(t) = 5*t - 1. Let u(y) = -y**3 + 15*y**2 + 16*y - 2. Let b be u(16). Give v(b).
-11
Let n be (0 - -9)*(-6)/(-9). Suppose n = o + 4. Let j(m) = -2*m**2 + 1 + 0*m**2 - 3*m**2 + 3*m**2. Calculate j(o).
-7
Let q(d) = 3*d + 3. Let z be 3/2 + 3/6. Let y(w) = -w**2 + 7 - w**3 - 5*w**2 + w**2 + z*w. Let l be y(-5). Give q(l).
-6
Let t(s) = -s - 4. Let n = -19 + 16. Determine t(n).
-1
Let f = 5 + 0. Suppose -5*g + 11 = -u, -u + 35 = 4*u + 5*g. Let k(j) = 3*j + 0 - 5*j + u. Calculate k(f).
-6
Let k(g) = -g**3 - 7*g**2 - 5*g + 3. Suppose 4*n + 2 + 18 = 0. Give k(n).
-22
Let k(v) be the first derivative of -2*v**3/3 - v**2/2 + 3*v + 1. Suppose 2*b - 12 = -4*s + 4*b, 0 = 3*s + 4*b + 13. Suppose 13 = -4*j + s. Determine k(j).
-12
Suppose 0 = x - 3*x - 2. Let g(w) = -4*w**2 + 2*w + 1. Calculate g(x).
-5
Let h(r) be the second derivative of -5*r**3/6 - r**2/2 + r. Let l = -155 + 154. Determine h(l).
4
Let k(c) be the first derivative of -c**4/4 - 2*c**3/3 + 3*c**2/2 - 4*c - 1. Suppose z = -f - 8, -6*z - 23 = f - 2*z. Determine k(f).
-4
Let l(w) be the second derivative of -w**3/6 + w**2 + 2*w. Let k be l(0). Let j(h) = 2 - 5 + 1 - h - h**k. Give j(-2).
-4
Let o(n) = -8*n**3 + 2*n**2 - 2*n + 1. Suppose -3*a + 18 = 5*q, -4*q - a + 7 = -2*q. Suppose s - 21 = 5*y, -y = 5*s + y + q. Determine o(s).
-7
Let h(s) = -s**3 + 12*s**2 + 4*s + 12. Let k(w) = 2*w**3 - 14*w**2 - 5*w - 13. Let b(i) = -3*h(i) - 2*k(i). Determine b(-8).
6
Suppose 0 = 5*v - 6 - 24. Let b = -5 + v. Let k(d) = b + d**2 - 5*d - 5 + 2. What is k(4)?
-6
Let x = 5 - 3. Let j(s) = x - 2 - s. Suppose 3*u - 6 + 12 = 0. Give j(u).
2
Let s(y) be the second derivative of 1/2*y**2 - 1/12*y**4 + 0 - 1/3*y**3 + 6*y + 1/20*y**5. Calculate s(2).
1
Let c(u) = u**3 + 4*u**2 - 7*u - 6. Let o be c(-5). Let t(j) = -3*j - 4 + o*j - 4*j + 2*j + j**2. What is t(-3)?
8
Let k(t) = 2*t**2 - t + 1. Let h be k(1). Let v(z) = 3 - 2*z**2 + h*z + 3*z**2 + 5*z. Calculate v(-4).
-9
Let v = -22 + 39. Let m = v + -11. Let s(w) = w**3 - 5*w**2 - 5*w + 1. Give s(m).
7
Let q(j) = -j**2 - j + 4. Let x(z) = z**2 + z - 4. Let c(n) = -3*q(n) - 2*x(n). Calculate c(3).
8
Suppose 0 = -5*v - 3 - 22, 0 = 4*m - 2*v + 2. Let x = 2 + m. Let a(b) = -b**2 - 1. Determine a(x).
-2
Let a(j) = -j**2 + j - 2. Let z(i) = -i. Let c(r) = a(r) - 4*z(r). Give c(6).
-8
Let s be 4 - (3 + -4 - -4). Let j = s + 5. Let k(m) = 3*m - 8. Give k(j).
10
Suppose w = 0, 9 = -4*k - 2*w - 7. Let v be (-3)/k + 55/44. Let d(m) = -8*m + 11*m - m**v + 0 + 3. What is d(4)?
-1
Let j be (-12)/(-2 - -5) + 3. Let w(d) = -4*d. Calculate w(j).
4
Let o(j) = j**2. Let k = -14 - -15. Determine o(k).
1
Let i(t) = t**3 + 5*t**2 + t + 2. Let z be i(-4). Let v = z + -8. Let x(n) = n**2 - 7*n + 3. Give x(v).
-3
Let p = -41 - -36. Let r(c) = -c + 3. Give r(p).
8
Let l(x) = x**3 + 6*x**2 + 5*x. Suppose 0 = 3*f - 24. Let h = f - 19. Let a = h + 6. Calculate l(a).
0
Let j(b) = b - 19. Let m be j(15). Let v(h) = -h + 1. Let r(x) = -2*x + 8. Let d(w) = -r(w) + 4*v(w). Determine d(m).
4
Let b(p) = -2*p**3 + 2*p**2 - p + 2. Let a(k) = k**2 - 4*k + 3. Let c be a(4). Suppose -4*m = -4*y, -1 = -5*y + c*m + 3. Determine b(y).
-8
Suppose 0 = -5*i - 14 + 4. Let f = 1 + i. Let s(a) = 2*a**2 - 3*a**3 + 1 - 2*a**2 + 0*a**3 - a**2 + a. Give s(f).
2
Let z(v) be the second derivative of -2*v + v**2 + 0 - 1/6*v**3. Determine z(4).
-2
Let p(f) = -2*f**3 + f - 1. Suppose 0*i + 20 = 2*i. Let d = 11 - i. What is p(d)?
-2
Let l = -73 + 69. Let t(s) = 2*s + 2. Calculate t(l).
-6
Let n(g) = -g + 0 + 4 + 1. Calculate n(5).
0
Let s be (1 - -2*2) + 0. Let b be (-2 - (0 - 4)) + -6. Let w = s + b. Let h(v) = 6*v**2 - v. Calculate h(w).
5
Let t = -7 - -9. Suppose a + t*a - 3*p - 27 = 0, a - 2*p - 13 = 0. Let x(d) = -d - 5. Give x(a).
-10
Let s(k) = -k**2 + k - 1. Let q(m) = -m**3 + 10*m**2 - m - 7. Let a(g) = -q(g) - 2*s(g). Determine a(8).
1
Let c(y) = -y - 1. Let m(n) = 2*n + 1. Let j(x) = -3*c(x) + m(x). Calculate j(-3).
-11
Let l(s) be the second derivative of -s**4/12 + s**3/6 + 2*s**2 - 5*s + 1. What is l(3)?
-2
Let a = -1 + 10. Let q = a + 0. Let w(g) = -q*g**2 + 1 - 2*g + 2*g**2 - 2. Give w(-1).
-6
Let v be (-1156)/187 - (0 + (-4)/22). Let o(d) = 2*d + 1. Determine o(v).
-11
Suppose -y + 8 = 3*y. Let f be (-35)/(-10) - 1/y. Suppose 0 = -f*r + r + 10. Let c(s) = s**2 - 5*s + 5. Determine c(r).
5
Suppose u = -2*u + 6. Let b(o) = 1 - u*o + 3 + o. Let g(d) = -d**3 + 7*d**2 + d - 7. Let z be g(7). Determine b(z).
4
Let x(p) be the second derivative of -p**4/12 + p**3/6 - 7*p**2/2 - 8*p. Calculate x(0).
-7
Suppose -3*x + 46 = -5*o, -2 = -x - 0. Let g = o + 9. Let u(m) = m**2 + 2*m - 1. Let j be u(g). Let r(w) = w**3 - w**2 - 1. What is r(j)?
3
Let j(z) = z - 1. Suppose -4*n + 5 - 1 = 0. Let t be 1 + n*(1 + 2). Determine j(t).
3
Let c be 1 + (-4)/(-4)*(2 - 1). Let t(p) = 6*p**2 + 4*p + 5. Let m(q) = q**2 + q + 1. Let y(x) = -5*m(x) + t(x). Give y(c).
2
Let h(y) be the second derivative of -y**5/20 - y**4/12 + y**3/2 - 3*y**2/2 + y. Suppose 2*g - 2*k = 0, 5*k - 4 - 12 = -3*g. Determine h(g).
-9
Let p(c) be the third derivative of 0 - 1/6*c**3 + 0*c + 5/12*c**4 + 2*c**2. Calculate p(1).
9
Let v(y) = 5*y + 3*y - y**2 - 3 + 3*y. Let a be v(10). Let i = -2 + a. Let n(r) = -r**3 + 5*r**2 - r + 6. Determine n(i).
1
Let b(d) = -5*d**2 + 4*d**2 - 6*d - 4*d**2 - 3 + 4*d**2. Determine b(-5).
2
Let o(s) be the second derivative of s**4/6 + 5*s**3/6 + 3*s**2/2 - 14*s. Suppose -3*g - 6 = -g. Determine o(g).
6
Let d(p) = -p**2 - 3*p - 3. Let f(o) = o - 1. Let w be f(5). Suppose w*l + 13 = 1. Let g be d(l). Let m(i) = i**3 + 4*i**2 + 2*i + 2. Give m(g).
5
Let w(d) = d - 1. Suppose 4*v + 13 = -11. Let y(c) = -9*c + 5. Let i(a) = v*w(a) - y(a). Let l(h) = -h**2 + 3*h + 3. Let m be l(4). Determine i(m).
-2
Let m(o) = o - 14. Let c be -3 + (-4)/((-12)/33). Give m(c).
-6
Let z be -2 - (2 + 81/(-3)). Suppose -19 = -5*v - 4, -2*m = -v + z. Let w = -4 - m. Let r(a) = a**2 - 5*a - 6. Calculate r(w).
0
Let y(b) = -b + 9 + 13 - 17. Determine y(9).
-4
Let x(n) = n**3 - 5 + 4 + 0 + 0*n**3 + n**2. What is x(-1)?
-1
Let o(f) = -15*f**3 + 3*f**2 - 3*f + 0*f**2 - 26*f**2 + 0*f - 19. Let p(l) = 7*l**3 + 11*l**2 + l + 9. Let g(w) = -6*o(w) - 13*p(w). Calculate g(-6).
3
Let s(o) = 12*o - 6 + 5 - 17*o. Determine s(-2).
9
Let q(h) = h**3 + 5. Let g be q(0). Let f(d) = 2 + 4*d**2 - 9*d**3 + d + d**3 - 1 - g*d**2. Determine f(-1).
7
Let t(j) be the second derivative of 4*j**3/3 + j**2/2 + 13*j. Determine t(-1).
-7
Suppose 2*k - 3*j + 2 = -5*j, -5*k + 5*j + 25 = 0. Let y(i) = 0*i**2 - 7*i**k + 3*i + i**3 + i + 5. Determine y(6).
-7
Let m(i) = -18*i**2 - 10*i + 7. Suppose -4*v = -5*x + 2, -x + 0 = -v - 1. Let q(j) = 6*j**2 + 3*j - 2. Let l(p) = x*m(p) - 7*q(p). Calculate l(1).
-7
Let d(a) = -a + 2*a - a**2 - 1 + a. Give d(1).
0
Let d(x) = -x**2 - 2*x + 7. Suppose -3*s + k + 0 = -11, 17 = 5*s - k. Let v(i) = -i**2 - i + 6. Let m(j) = s*v(j) - 2*d(j). Give m(3).
-2
Suppose -t = 3*t. Suppose -3*j - 6 = -t*j. Let x(c) = -3*c + 2. Give x(j).
8
Let u(d) = -5*d + 2*d + 2*d**2 - 4 + 6*d + 2. What is u(-3)?
7
Let u(s) be the third derivative of -3*s**2 + 0*s + 5/24*s**4 + 1/60*s**5 + 1/2*s**3 + 0. Suppose -f = -4 + 2, 4*p - f + 18 = 0. What is u(p)?
-1
Let l = 13 + 3. Let w be (l/24)/(4/30). Let g(q) = q**3 - 6*q**2 + 7*q + 5. Let d(f) = f**3 - 6*f**2 + 7*f + 4. Let i(a) = -7*d(a) + 6*g(a). What is i(w)?
-8
Let s(o) = -3 + 3*o - 5*o**2 + 0*o + 0*o + 2*o**2. Let j(r) = -r + 2. Let z be j(0). Calculate s(z).
-9
Let g(f) = 5*f**3 - 9*f**2 + 10*f. Let l = 27 + -14. Let j(d) = 11*d**3 - 19*d**2 + 21*d - 1. Let p(m) = l*g(m) - 6*j(m). Suppose -3*c - 16 = c. Determine p(c).
6
Let d(t) be the second derivative of -t**4/2 - t**3/6 + t**2/2 + t - 15. Determine d(1).
-6
Let t(f) be the second derivative of f**4/12 - f**3 + 2*f**2 + 10*f. Calculate t(4).
-4
Let s(n) = -n**2 - 3*n + 